{"id":937,"date":"2017-02-03T10:42:14","date_gmt":"2017-02-03T09:42:14","guid":{"rendered":"http:\/\/mslaz.cz\/?page_id=937"},"modified":"2022-04-29T12:02:53","modified_gmt":"2022-04-29T11:02:53","slug":"zamereni-skolky","status":"publish","type":"page","link":"http:\/\/mslaz.cz\/?page_id=937","title":{"rendered":"Zam\u011b\u0159en\u00ed M\u0160"},"content":{"rendered":"<div class=\"entry\">\n<p>Na\u0161e mate\u0159sk\u00e1 \u0161kola se nach\u00e1z\u00ed v malebn\u00e9 obci L\u00e1z. Nach\u00e1z\u00ed se 10 km od okresn\u00edho m\u011bsta P\u0159\u00edbram a je vstupn\u00ed branou do Brd.&nbsp;<\/p>\n<ul>\n<li>Na\u0161\u00edm c\u00edlem je&nbsp;co nejv\u00edce vyu\u017e\u00edvat kr\u00e1sn\u00e9 p\u0159\u00edrody v t\u011bsn\u00e9 bl\u00edzkosti mate\u0159sk\u00e9 \u0161koly.<\/li>\n<li>Vedeme d\u011bti k pozitivn\u00edmu vztahu ke v\u0161emu \u017eiv\u00e9mu, k ochran\u011b p\u0159\u00edrody, u\u010d\u00edme je t\u0159\u00eddit odpad, p\u011bstovat bylinky a r\u016fzn\u00e9 druhy zeleniny.&nbsp;<\/li>\n<li>Nechceme d\u011btem p\u0159ed\u00e1vat teoretick\u00e9 poznatky, ale rozv\u00edjet je aktivn\u011b pomoc\u00ed v\u0161ech smysl\u016f.<\/li>\n<li>U\u010d\u00edme je ct\u00edt tradice a b\u00fdt aktivn\u00ed sou\u010d\u00e1st\u00ed d\u011bn\u00ed v obci L\u00e1z.<\/li>\n<li>Realizujeme individualizovan\u00e9 vzd\u011bl\u00e1v\u00e1n\u00ed s ohledem na v\u00fdvojov\u00e1 specifika d\u011bt\u00ed p\u0159ed\u0161koln\u00edho v\u011bku.<\/li>\n<li>Velmi si cen\u00edme spolupr\u00e1ce s rodi\u010di, r\u00e1di bychom podnikali&nbsp;v\u00edce spole\u010dn\u00fdch tvo\u0159en\u00ed, p\u0159edn\u00e1\u0161ek, akc\u00ed, v\u00fdlet\u016f i v\u00edkendov\u00fdch pobyt\u016f.<\/li>\n<\/ul>\n<p>&nbsp;<\/p>\n<p><span style=\"color: #00ccff;\"><strong>STIMULA\u010cN\u00cd PROGRAM MAX\u00cdK<\/strong><\/span><\/p>\n<ul>\n<li>V pr\u016fb\u011bhu roku 2021\/2022 postupn\u011b z\u00edskaly u\u010ditelky certifik\u00e1t v programu Max\u00edk. Stimula\u010dn\u00ed program je ur\u010den pro p\u0159ed\u0161kol\u00e1ky a d\u011bti s odlo\u017eenou \u0161koln\u00ed doch\u00e1zkou.&nbsp;<\/li>\n<li>Nov\u011b od z\u00e1\u0159\u00ed 2022 budou ka\u017ed\u00fd den za\u0159azov\u00e1ny stimula\u010dn\u00ed cvi\u010den\u00ed pro p\u0159ed\u0161kol\u00e1ky.<\/li>\n<\/ul>\n<p><strong><span style=\"color: #800080;\">C\u00edlem t\u011bchto cvi\u010den\u00ed je:<\/span><\/strong><\/p>\n<ul>\n<li>n\u00e1cvik nov\u00fdch pohybov\u00fdch stereotyp\u016f (spr\u00e1vn\u00fd \u00fachop, sezen\u00ed, d\u00fdch\u00e1n\u00ed, zvl\u00e1dnut\u00ed rovnov\u00e1hy)<\/li>\n<li>rozvoj pojmov\u00e9ho my\u0161len\u00ed a \u0159e\u010di (spr\u00e1vn\u00e1 v\u00fdslovnost, tvo\u0159en\u00ed v\u011bt, porozum\u011bn\u00ed sly\u0161en\u00e9ho)<\/li>\n<li>rozvoj zrakov\u00e9ho rozli\u0161ov\u00e1n\u00ed, vizuomotoriky, audiomotoriky, prostorov\u00e9 orientace, aj.<\/li>\n<li>rozvoj grafomotorick\u00fdch dovednost\u00ed&nbsp;<\/li>\n<li>koncentrace pozornosti<\/li>\n<\/ul>\n<p>Program je veden tak, aby byla rovnom\u011brn\u011b posilov\u00e1na <strong>motorick\u00e1, grafomotorick\u00e1<\/strong> a<strong> percep\u010dn\u00ed<\/strong> slo\u017eka. Pro maxim\u00e1ln\u00ed v\u00fdt\u011b\u017enost stimula\u010dn\u00edho programu je d\u016fle\u017eit\u00e1 spolupr\u00e1ce s rodi\u010di.&nbsp;<\/p>\n<\/div>\n","protected":false},"excerpt":{"rendered":"<p>Na\u0161e mate\u0159sk\u00e1 \u0161kola se nach\u00e1z\u00ed v malebn\u00e9 obci L\u00e1z. Nach\u00e1z\u00ed se 10 km od okresn\u00edho m\u011bsta P\u0159\u00edbram a je vstupn\u00ed branou do Brd.&nbsp; Na\u0161\u00edm c\u00edlem je&nbsp;co nejv\u00edce vyu\u017e\u00edvat kr\u00e1sn\u00e9 p\u0159\u00edrody v t\u011bsn\u00e9 bl\u00edzkosti mate\u0159sk\u00e9 \u0161koly. Vedeme d\u011bti k pozitivn\u00edmu vztahu ke v\u0161emu \u017eiv\u00e9mu, k ochran\u011b p\u0159\u00edrody, u\u010d\u00edme je t\u0159\u00eddit odpad, p\u011bstovat bylinky a r\u016fzn\u00e9 druhy &#8230;<\/p>\n","protected":false},"author":28,"featured_media":0,"parent":0,"menu_order":0,"comment_status":"closed","ping_status":"closed","template":"","meta":{"ngg_post_thumbnail":0,"footnotes":""},"class_list":["post-937","page","type-page","status-publish"],"_links":{"self":[{"href":"http:\/\/mslaz.cz\/index.php?rest_route=\/wp\/v2\/pages\/937","targetHints":{"allow":["GET"]}}],"collection":[{"href":"http:\/\/mslaz.cz\/index.php?rest_route=\/wp\/v2\/pages"}],"about":[{"href":"http:\/\/mslaz.cz\/index.php?rest_route=\/wp\/v2\/types\/page"}],"author":[{"embeddable":true,"href":"http:\/\/mslaz.cz\/index.php?rest_route=\/wp\/v2\/users\/28"}],"replies":[{"embeddable":true,"href":"http:\/\/mslaz.cz\/index.php?rest_route=%2Fwp%2Fv2%2Fcomments&post=937"}],"version-history":[{"count":19,"href":"http:\/\/mslaz.cz\/index.php?rest_route=\/wp\/v2\/pages\/937\/revisions"}],"predecessor-version":[{"id":6195,"href":"http:\/\/mslaz.cz\/index.php?rest_route=\/wp\/v2\/pages\/937\/revisions\/6195"}],"wp:attachment":[{"href":"http:\/\/mslaz.cz\/index.php?rest_route=%2Fwp%2Fv2%2Fmedia&parent=937"}],"curies":[{"name":"wp","href":"https:\/\/api.w.org\/{rel}","templated":true}]}}

Zaměření MŠ

<div class="entry">
<p>Naše mateřská škola se nachází v malebné obci Láz. Nachází se 10 km od okresního města Příbram a je vstupní branou do Brd.&nbsp;</p>
<ul>
<li>Naším cílem je&nbsp;co nejvíce využívat krásné přírody v těsné blízkosti mateřské školy.</li>
<li>Vedeme děti k pozitivnímu vztahu ke všemu živému, k ochraně přírody, učíme je třídit odpad, pěstovat bylinky a různé druhy zeleniny.&nbsp;</li>
<li>Nechceme dětem předávat teoretické poznatky, ale rozvíjet je aktivně pomocí všech smyslů.</li>
<li>Učíme je ctít tradice a být aktivní součástí dění v obci Láz.</li>
<li>Realizujeme individualizované vzdělávání s ohledem na vývojová specifika dětí předškolního věku.</li>
<li>Velmi si ceníme spolupráce s rodiči, rádi bychom podnikali&nbsp;více společných tvoření, přednášek, akcí, výletů i víkendových pobytů.</li>
</ul>
<p>&nbsp;</p>
<p><span style="color: #00ccff;"><strong>STIMULAČNÍ PROGRAM MAXÍK</strong></span></p>
<ul>
<li>V průběhu roku 2021/2022 postupně získaly učitelky certifikát v programu Maxík. Stimulační program je určen pro předškoláky a děti s odloženou školní docházkou.&nbsp;</li>
<li>Nově od září 2022 budou každý den zařazovány stimulační cvičení pro předškoláky.</li>
</ul>
<p><strong><span style="color: #800080;">Cílem těchto cvičení je:</span></strong></p>
<ul>
<li>nácvik nových pohybových stereotypů (správný úchop, sezení, dýchání, zvládnutí rovnováhy)</li>
<li>rozvoj pojmového myšlení a řeči (správná výslovnost, tvoření vět, porozumění slyšeného)</li>
<li>rozvoj zrakového rozlišování, vizuomotoriky, audiomotoriky, prostorové orientace, aj.</li>
<li>rozvoj grafomotorických dovedností&nbsp;</li>
<li>koncentrace pozornosti</li>
</ul>
<p>Program je veden tak, aby byla rovnoměrně posilována <strong>motorická, grafomotorická</strong> a<strong> percepční</strong> složka. Pro maximální výtěžnost stimulačního programu je důležitá spolupráce s rodiči.&nbsp;</p>
</div>

<p>Naše mateřská škola se nachází v malebné obci Láz. Nachází se 10 km od okresního města Příbram a je vstupní branou do Brd.&nbsp; Naším cílem je&nbsp;co nejvíce využívat krásné přírody v těsné blízkosti mateřské školy. Vedeme děti k pozitivnímu vztahu ke všemu živému, k ochraně přírody, učíme je třídit odpad, pěstovat bylinky a různé druhy &#8230;</p>
