{"id":18,"date":"2016-10-27T09:39:44","date_gmt":"2016-10-27T09:39:44","guid":{"rendered":"http:\/\/mslaz.cz\/?page_id=18"},"modified":"2025-09-08T13:07:34","modified_gmt":"2025-09-08T12:07:34","slug":"informace-o-ms","status":"publish","type":"page","link":"https:\/\/mslaz.cz\/?page_id=18","title":{"rendered":"Informace o M\u0160"},"content":{"rendered":"<div class=\"entry\">\n<p>&nbsp; &nbsp;<\/p>\n<table border=\"0\">\n<tbody>\n<tr>\n<td colspan=\"2\"><strong>Informace o mate\u0159sk\u00e9 \u0161kole:<\/strong><\/td>\n<\/tr>\n<tr>\n<td>N\u00e1zev \u0161koly:<\/td>\n<td>Mate\u0159sk\u00e1 \u0161kola L\u00e1z<\/td>\n<\/tr>\n<tr>\n<td>Z\u0159izovatel:<\/td>\n<td>Obecn\u00ed \u00fa\u0159ad L\u00e1z, L\u00e1z 219, Bohut\u00edn 262 41<\/td>\n<\/tr>\n<tr>\n<td>Pr\u00e1vn\u00ed forma:<\/td>\n<td>P\u0159\u00edsp\u011bvkov\u00e1 organizace od 1. 1. 2003<\/td>\n<\/tr>\n<tr>\n<td>I\u010cO:<\/td>\n<td>709 92 436<\/td>\n<\/tr>\n<tr>\n<td>IZO:<\/td>\n<td>600 053 890<\/td>\n<\/tr>\n<tr>\n<td>Adresa \u0161koly:<\/td>\n<td>Mate\u0159sk\u00e1 \u0161kola L\u00e1z, L\u00e1z 7, Bohut\u00edn 262 41<\/td>\n<\/tr>\n<tr>\n<td>Telefon:<\/td>\n<td>318 676 121<\/td>\n<\/tr>\n<tr>\n<td>&nbsp;<\/td>\n<td>607 243 269 \u2013 mobil \u0161kolky (6.30-16.00)<\/td>\n<\/tr>\n<tr>\n<td>&nbsp;<\/td>\n<td>607 827 592 (\u0159editelka)<\/td>\n<\/tr>\n<tr>\n<td>E-mail:<\/td>\n<td>info@mslaz.cz<\/td>\n<\/tr>\n<tr>\n<td>\u010c\u00edslo \u00fa\u010dtu:<\/td>\n<td>51 &#8211; 8089620287 \/ 0100<\/td>\n<\/tr>\n<tr>\n<td>Provozn\u00ed doba:<\/td>\n<td>6:00 &#8211; 16:30<\/td>\n<\/tr>\n<tr>\n<td>\u0158editelka \u0161koly:<\/td>\n<td>Mgr. Kate\u0159ina Bystersk\u00e1<\/td>\n<\/tr>\n<tr>\n<td colspan=\"2\"><strong>Kdo u n\u00e1s pracuje:<\/strong><\/td>\n<\/tr>\n<tr>\n<td>\u0158editelka:<\/td>\n<td>Mgr. Kate\u0159ina Bystersk\u00e1<\/td>\n<\/tr>\n<tr>\n<td>\n<p style=\"text-align: left;\">U\u010ditelky:<\/p>\n<p>&nbsp;<\/p>\n<p>&nbsp;<\/td>\n<td>Dagmar Burianov\u00e1<\/p>\n<p>Ilona Bohu\u0161ov\u00e1<\/p>\n<p>Tereza Van\u011b\u010dkov\u00e1, DiS.<\/td>\n<\/tr>\n<tr>\n<td>\u0160kolnice:<\/td>\n<td>Jana B\u011blkov\u00e1<\/td>\n<\/tr>\n<tr>\n<td>Kucha\u0159ka:<\/td>\n<td>Blanka Burianov\u00e1<\/td>\n<\/tr>\n<tr>\n<td>Vedouc\u00ed \u0160J:<\/td>\n<td>Jaroslava Pan\u00e1kov\u00e1<\/td>\n<\/tr>\n<\/tbody>\n<\/table>\n<\/div>\n","protected":false},"excerpt":{"rendered":"<p>&nbsp; &nbsp; Informace o mate\u0159sk\u00e9 \u0161kole: N\u00e1zev \u0161koly: Mate\u0159sk\u00e1 \u0161kola L\u00e1z Z\u0159izovatel: Obecn\u00ed \u00fa\u0159ad L\u00e1z, L\u00e1z 219, Bohut\u00edn 262 41 Pr\u00e1vn\u00ed forma: P\u0159\u00edsp\u011bvkov\u00e1 organizace od 1. 1. 2003 I\u010cO: 709 92 436 IZO: 600 053 890 Adresa \u0161koly: Mate\u0159sk\u00e1 \u0161kola L\u00e1z, L\u00e1z 7, Bohut\u00edn 262 41 Telefon: 318 676 121 &nbsp; 607 243 269 \u2013 &#8230;<\/p>\n","protected":false},"author":1,"featured_media":0,"parent":0,"menu_order":0,"comment_status":"closed","ping_status":"closed","template":"","meta":{"ngg_post_thumbnail":0,"footnotes":""},"class_list":["post-18","page","type-page","status-publish"],"_links":{"self":[{"href":"https:\/\/mslaz.cz\/index.php?rest_route=\/wp\/v2\/pages\/18","targetHints":{"allow":["GET"]}}],"collection":[{"href":"https:\/\/mslaz.cz\/index.php?rest_route=\/wp\/v2\/pages"}],"about":[{"href":"https:\/\/mslaz.cz\/index.php?rest_route=\/wp\/v2\/types\/page"}],"author":[{"embeddable":true,"href":"https:\/\/mslaz.cz\/index.php?rest_route=\/wp\/v2\/users\/1"}],"replies":[{"embeddable":true,"href":"https:\/\/mslaz.cz\/index.php?rest_route=%2Fwp%2Fv2%2Fcomments&post=18"}],"version-history":[{"count":16,"href":"https:\/\/mslaz.cz\/index.php?rest_route=\/wp\/v2\/pages\/18\/revisions"}],"predecessor-version":[{"id":7424,"href":"https:\/\/mslaz.cz\/index.php?rest_route=\/wp\/v2\/pages\/18\/revisions\/7424"}],"wp:attachment":[{"href":"https:\/\/mslaz.cz\/index.php?rest_route=%2Fwp%2Fv2%2Fmedia&parent=18"}],"curies":[{"name":"wp","href":"https:\/\/api.w.org\/{rel}","templated":true}]}}