{"id":2585,"date":"2018-05-24T07:54:42","date_gmt":"2018-05-24T06:54:42","guid":{"rendered":"http:\/\/mslaz.cz\/?page_id=2585"},"modified":"2018-08-03T13:56:31","modified_gmt":"2018-08-03T12:56:31","slug":"poverenec-pro-ochranu-osobnich-udaju-gdpr","status":"publish","type":"page","link":"https:\/\/mslaz.cz\/?page_id=2585","title":{"rendered":"GDPR"},"content":{"rendered":"<div class=\"entry\">\n<p><strong>Informace o&nbsp;zpracov\u00e1n\u00ed osobn\u00edch \u00fadaj\u016f:<\/strong><br \/>\nMate\u0159sk\u00e1 \u0161kola L\u00e1z zpracov\u00e1v\u00e1 osobn\u00ed \u00fadaje v&nbsp;souladu s&nbsp;Na\u0159\u00edzen\u00edm Evropsk\u00e9ho<br \/>\nparlamentu a&nbsp;Rady (EU) 2016\/679 o&nbsp;ochran\u011b fyzick\u00fdch osob v&nbsp;souvislosti se zpracov\u00e1n\u00edm<br \/>\nosobn\u00edch \u00fadaj\u016f a&nbsp;o&nbsp;voln\u00e9m pohybu t\u011bchto \u00fadaj\u016f ze dne 27.&nbsp;4.&nbsp;2016 a&nbsp;dal\u0161\u00edmi platn\u00fdmi<br \/>\npr\u00e1vn\u00edmi p\u0159edpisy t\u00fdkaj\u00edc\u00ed se ochrany osobn\u00edch \u00fadaj\u016f.<\/p>\n<p><strong>Spr\u00e1vce osobn\u00edch \u00fadaj\u016f:<\/strong><br \/>\nMate\u0159sk\u00e1 \u0161kola L\u00e1z, L\u00e1z 7, Bohut\u00edn, 262 41 I\u010c: 70992436;<br \/>\nzastoupena Mgr. Kate\u0159inou Bysterskou, \u0159editelkou \u0161koly;<br \/>\ntelefon: 607&nbsp;827 592; kontaktn\u00ed e-mail: info@mslaz.cz<\/p>\n<p><strong>Kategorie osobn\u00edch \u00fadaj\u016f:<\/strong><br \/>\nMezi osobn\u00ed \u00fadaje, kter\u00e9 m\u016f\u017eeme shroma\u017e\u010fovat a&nbsp;zpracov\u00e1vat, pat\u0159\u00ed:<br \/>\n\u2013 \u00fadaje, jejich\u017e zpracov\u00e1n\u00ed n\u00e1m ukl\u00e1d\u00e1 z\u00e1konn\u00e1 povinnost<br \/>\n\u2013 informace, kter\u00e9 n\u00e1m poskytnete p\u0159i&nbsp;komunikaci s&nbsp;n\u00e1mi<br \/>\n\u2013 \u00fadaje z\u00edskan\u00e9 na z\u00e1klad\u011b souhlasu z\u00e1konn\u00fdch z\u00e1stupc\u016f<\/p>\n<p><strong>Jedn\u00e1 se nap\u0159\u00edklad o:<\/strong> Jm\u00e9no; P\u0159\u00edjmen\u00ed; Titul; Datum narozen\u00ed; M\u00edsto narozen\u00ed; Rodn\u00e9 \u010d\u00edslo;<br \/>\nSt\u00e1tn\u00ed ob\u010danstv\u00ed; M\u00edsto trval\u00e9ho pobytu; Doru\u010dovac\u00ed adresa; Telefon; E-mail; Zdravotn\u00ed<br \/>\npoji\u0161\u0165ovna; L\u00e9ka\u0159sk\u00e9 z\u00e1znamy; O\u010dkov\u00e1n\u00ed; Soudn\u00ed rozhodnut\u00ed o&nbsp;sv\u011b\u0159en\u00ed do p\u00e9\u010de; Alergie;<br \/>\nPotvrzen\u00ed o&nbsp;bezinfek\u010dnosti; Zdravotn\u00ed poji\u0161\u0165ovna; L\u00e9ky; O\u010dkov\u00e1n\u00ed; Potvrzen\u00ed l\u00e9ka\u0159e; Podpis;<br \/>\nZ\u00e1znamy z&nbsp;PPP; \u010d\u00edsla pen\u011b\u017en\u00edho \u00fa\u010dtu.<\/p>\n<p><strong>Pr\u00e1vn\u00ed z\u00e1klad pro zpracov\u00e1n\u00ed osobn\u00edch \u00fadaj\u016f:<\/strong><br \/>\nMezi z\u00e1kladn\u00ed pr\u00e1vn\u00ed p\u0159edpisy pat\u0159\u00ed:<\/p>\n<p>561\/2004 Sb. \u2013 \u0160kolsk\u00fd z\u00e1kon;<br \/>\n563\/2004 Sb. \u2013 Z\u00e1kon o&nbsp;pedagogick\u00fdch pracovn\u00edc\u00edch;<\/p>\n<p>14\/2005 Sb. \u2013 Vyhl\u00e1\u0161ka o&nbsp;p\u0159ed\u0161koln\u00edm vzd\u011bl\u00e1v\u00e1n\u00ed;<\/p>\n<p>364\/2005 Sb. \u2013 Vyhl\u00e1\u0161ka o&nbsp;dokumentaci \u0161kol a&nbsp;\u0161kolsk\u00fdch za\u0159\u00edzen\u00ed;<\/p>\n<p>89\/2012 Sb. \u2013 Ob\u010dansk\u00fd z\u00e1kon\u00edk;<\/p>\n<p>500\/2004 Sb. \u2013 Spr\u00e1vn\u00ed \u0159\u00e1d;<br \/>\n75\/2005 Sb. \u2013 Na\u0159\u00edzen\u00ed vl\u00e1dy o&nbsp;stanoven\u00ed rozsahu p\u0159\u00edm\u00e9 vyu\u010dovac\u00ed, p\u0159\u00edm\u00e9 v\u00fdchovn\u00e9, p\u0159\u00edm\u00e9 speci\u00e1ln\u011b pedagogick\u00e9 a&nbsp;p\u0159\u00edm\u00e9 pedagogicko-psychologick\u00e9 \u010dinnosti pedagogick\u00fdch pracovn\u00edk\u016f;<\/p>\n<p>27\/2016 Sb. \u2013 Vyhl\u00e1\u0161ka o&nbsp;vzd\u011bl\u00e1v\u00e1n\u00ed \u017e\u00e1k\u016f se speci\u00e1ln\u00edmi vzd\u011bl\u00e1vac\u00edmi pot\u0159ebami a&nbsp;\u017e\u00e1k\u016f nadan\u00fdch;<\/p>\n<p>499\/2004 Sb. \u2013 Z\u00e1kon o&nbsp;archivnictv\u00ed a&nbsp;spisov\u00e9 slu\u017eb\u011b a&nbsp;o&nbsp;zm\u011bn\u011b n\u011bkter\u00fdch z\u00e1kon\u016f;<\/p>\n<p>262\/2006 Sb. \u2013 Z\u00e1kon z\u00e1kon\u00edk pr\u00e1ce a&nbsp;dal\u0161\u00ed legislativa.<\/p>\n<p><strong>\u00da\u010dely zpracov\u00e1n\u00ed osobn\u00edch \u00fadaj\u016f:<\/strong><br \/>\n\u2013 pln\u011bn\u00ed z\u00e1konn\u00fdch povinnost\u00ed mate\u0159sk\u00e9 \u0161koly, v\u010detn\u011b poskytov\u00e1n\u00ed informac\u00ed;<br \/>\n\u2013 pln\u011bn\u00ed z\u00e1konn\u00fdch povinnost\u00ed v&nbsp;pracovn\u011b pr\u00e1vn\u00edch vztaz\u00edch se zam\u011bstnanci \u0161koly;<br \/>\n\u2013 spr\u00e1va na\u0161ich smluvn\u00edch z\u00e1vazk\u016f a&nbsp;prob\u00edhaj\u00edc\u00edho smluvn\u00edho vztahu, v\u010detn\u011b jedn\u00e1n\u00ed se<br \/>\nsmluvn\u00edmi stranami;<br \/>\n\u2013 zaji\u0161\u0165ov\u00e1n\u00ed bezpe\u010dnosti na\u0161ich webov\u00fdch str\u00e1nek, s\u00edt\u00ed, syst\u00e9m\u016f, budov a&nbsp;pozemk\u016f<br \/>\n\u0161koly.<\/p>\n<p><strong>Uchov\u00e1v\u00e1n\u00ed osobn\u00edch \u00fadaj\u016f:<\/strong><br \/>\nOsobn\u00ed \u00fadaje budou uchov\u00e1v\u00e1ny pouze po&nbsp;dobu, kter\u00e1 je pot\u0159ebn\u00e1 pro \u00fa\u010dely, za kter\u00fdmi byly<br \/>\nshrom\u00e1\u017ed\u011bny, obvykle po&nbsp;dobu stanovenou pr\u00e1vn\u00edm r\u00e1mcem \u010cR nebo stanovenou Va\u0161\u00edm<br \/>\nsouhlasem.<\/p>\n<p><strong>Ochrana osobn\u00edch \u00fadaj\u016f:<\/strong><\/p>\n<p>Uplat\u0148ujeme vhodn\u00e1 technick\u00e1, fyzick\u00e1 a&nbsp;organiza\u010dn\u00ed opat\u0159en\u00ed, kter\u00e1 jsou p\u0159im\u011b\u0159en\u011b navr\u017eena<br \/>\ntak, aby zaji\u0161\u0165ovala ochranu osobn\u00edch \u00fadaj\u016f p\u0159ed n\u00e1hodn\u00fdm nebo protipr\u00e1vn\u00edm zni\u010den\u00edm,<br \/>\nztr\u00e1tou, \u00fapravami, nepovolen\u00fdm zve\u0159ejn\u011bn\u00edm nebo p\u0159\u00edstupem a&nbsp;dal\u0161\u00edmi formami nez\u00e1konn\u00e9ho<br \/>\nzpracov\u00e1n\u00ed.<br \/>\nK&nbsp;osobn\u00edm \u00fadaj\u016fm maj\u00ed p\u0159\u00edstup jen ur\u010den\u00ed zam\u011bstnanci a&nbsp;p\u0159\u00edstup k&nbsp;osobn\u00edm \u00fadaj\u016fm je<br \/>\nomezen na opr\u00e1vn\u011bn\u00e9 p\u0159\u00edjemce, kte\u0159\u00ed tyto \u00fadaje pot\u0159ebuj\u00ed zn\u00e1t.<\/p>\n<p><strong>Pr\u00e1va subjektu \u00fadaj\u016f:<\/strong><br \/>\nM\u00e1te pr\u00e1vo do m\u00edry p\u0159\u00edpustn\u00e9 podle platn\u00e9ho z\u00e1kona se na n\u00e1s<br \/>\nobracet za \u00fa\u010delem uplatn\u011bn\u00ed pr\u00e1va:<br \/>\n\u2013 na p\u0159\u00edstup k&nbsp;osobn\u00edm \u00fadaj\u016fm,<br \/>\n\u2013 opravu nebo aktualizaci sv\u00fdch nep\u0159esn\u00fdch nebo neaktu\u00e1ln\u00edch osobn\u00edch \u00fadaj\u016f,<br \/>\n\u2013 vz\u00edt souhlas kdykoliv zp\u011bt, i&nbsp;bez ud\u00e1n\u00ed d\u016fvodu,<br \/>\n\u2013 po\u017eadovat v\u00fdmaz osobn\u00edch \u00fadaj\u016f, k&nbsp;nim\u017e byl ud\u011blen souhlas,<br \/>\n\u2013 pokud by do\u0161lo k&nbsp;poru\u0161en\u00ed povinnosti ochrany osobn\u00edch \u00fadaj\u016f ze strany \u0161koly, m\u016f\u017eete se<br \/>\ndom\u00e1hat n\u00e1pravy s&nbsp;vyu\u017eit\u00edm v\u0161ech prost\u0159edk\u016f, kter\u00e9 mu k&nbsp;tomu platn\u00e1 pr\u00e1vn\u00ed \u00faprava<br \/>\nposkytuje, zejm\u00e9na \u017e\u00e1dosti o&nbsp;vysv\u011btlen\u00ed, n\u00e1mitky \u010di&nbsp;st\u00ed\u017enosti a&nbsp;dal\u0161\u00edch pr\u00e1v podle obecn\u00e9ho<br \/>\nna\u0159\u00edzen\u00ed o&nbsp;ochran\u011b osobn\u00edch \u00fadaj\u016f.<\/p>\n<p><strong>Souhlas a&nbsp;jeho odvol\u00e1n\u00ed:<\/strong><br \/>\nV&nbsp;n\u011bkter\u00fdch p\u0159\u00edpadech zpracov\u00e1n\u00ed, na kter\u00e9 se nevztahuje jin\u00fd pr\u00e1vn\u00ed z\u00e1klad pro zpracov\u00e1n\u00ed<br \/>\nosobn\u00edch \u00fadaj\u016f, m\u016f\u017eete b\u00fdt po\u017e\u00e1d\u00e1ni o&nbsp;v\u00fdslovn\u00fd souhlas.<br \/>\nM\u00e1te v\u017edy mo\u017enost odvolat jak\u00fdkoli d\u0159\u00edv\u011bj\u0161\u00ed souhlas ud\u011blen\u00fd ke konkr\u00e9tn\u00edmu \u00fa\u010delu.<\/p>\n<\/div>\n","protected":false},"excerpt":{"rendered":"<p>Informace o&nbsp;zpracov\u00e1n\u00ed osobn\u00edch \u00fadaj\u016f: Mate\u0159sk\u00e1 \u0161kola L\u00e1z zpracov\u00e1v\u00e1 osobn\u00ed \u00fadaje v&nbsp;souladu s&nbsp;Na\u0159\u00edzen\u00edm Evropsk\u00e9ho parlamentu a&nbsp;Rady (EU) 2016\/679 o&nbsp;ochran\u011b fyzick\u00fdch osob v&nbsp;souvislosti se zpracov\u00e1n\u00edm osobn\u00edch \u00fadaj\u016f a&nbsp;o&nbsp;voln\u00e9m pohybu t\u011bchto \u00fadaj\u016f ze dne 27.&nbsp;4.&nbsp;2016 a&nbsp;dal\u0161\u00edmi platn\u00fdmi pr\u00e1vn\u00edmi p\u0159edpisy t\u00fdkaj\u00edc\u00ed se ochrany osobn\u00edch \u00fadaj\u016f. Spr\u00e1vce osobn\u00edch \u00fadaj\u016f: Mate\u0159sk\u00e1 \u0161kola L\u00e1z, L\u00e1z 7, Bohut\u00edn, 262 41 I\u010c: 70992436; zastoupena &#8230;<\/p>\n","protected":false},"author":28,"featured_media":0,"parent":0,"menu_order":0,"comment_status":"closed","ping_status":"closed","template":"","meta":{"ngg_post_thumbnail":0,"footnotes":""},"class_list":["post-2585","page","type-page","status-publish"],"_links":{"self":[{"href":"https:\/\/mslaz.cz\/index.php?rest_route=\/wp\/v2\/pages\/2585","targetHints":{"allow":["GET"]}}],"collection":[{"href":"https:\/\/mslaz.cz\/index.php?rest_route=\/wp\/v2\/pages"}],"about":[{"href":"https:\/\/mslaz.cz\/index.php?rest_route=\/wp\/v2\/types\/page"}],"author":[{"embeddable":true,"href":"https:\/\/mslaz.cz\/index.php?rest_route=\/wp\/v2\/users\/28"}],"replies":[{"embeddable":true,"href":"https:\/\/mslaz.cz\/index.php?rest_route=%2Fwp%2Fv2%2Fcomments&post=2585"}],"version-history":[{"count":12,"href":"https:\/\/mslaz.cz\/index.php?rest_route=\/wp\/v2\/pages\/2585\/revisions"}],"predecessor-version":[{"id":3183,"href":"https:\/\/mslaz.cz\/index.php?rest_route=\/wp\/v2\/pages\/2585\/revisions\/3183"}],"wp:attachment":[{"href":"https:\/\/mslaz.cz\/index.php?rest_route=%2Fwp%2Fv2%2Fmedia&parent=2585"}],"curies":[{"name":"wp","href":"https:\/\/api.w.org\/{rel}","templated":true}]}}

<div class="entry">
<p><strong>Informace o&nbsp;zpracování osobních údajů:</strong><br />
Mateřská škola Láz zpracovává osobní údaje v&nbsp;souladu s&nbsp;Nařízením Evropského<br />
parlamentu a&nbsp;Rady (EU) 2016/679 o&nbsp;ochraně fyzických osob v&nbsp;souvislosti se zpracováním<br />
osobních údajů a&nbsp;o&nbsp;volném pohybu těchto údajů ze dne 27.&nbsp;4.&nbsp;2016 a&nbsp;dalšími platnými<br />
právními předpisy týkající se ochrany osobních údajů.</p>
<p><strong>Správce osobních údajů:</strong><br />
Mateřská škola Láz, Láz 7, Bohutín, 262 41 IČ: 70992436;<br />
zastoupena Mgr. Kateřinou Bysterskou, ředitelkou školy;<br />
telefon: 607&nbsp;827 592; kontaktní e-mail: info@mslaz.cz</p>
<p><strong>Kategorie osobních údajů:</strong><br />
Mezi osobní údaje, které můžeme shromažďovat a&nbsp;zpracovávat, patří:<br />
– údaje, jejichž zpracování nám ukládá zákonná povinnost<br />
– informace, které nám poskytnete při&nbsp;komunikaci s&nbsp;námi<br />
– údaje získané na základě souhlasu zákonných zástupců</p>
<p><strong>Jedná se například o:</strong> Jméno; Příjmení; Titul; Datum narození; Místo narození; Rodné číslo;<br />
Státní občanství; Místo trvalého pobytu; Doručovací adresa; Telefon; E-mail; Zdravotní<br />
pojišťovna; Lékařské záznamy; Očkování; Soudní rozhodnutí o&nbsp;svěření do péče; Alergie;<br />
Potvrzení o&nbsp;bezinfekčnosti; Zdravotní pojišťovna; Léky; Očkování; Potvrzení lékaře; Podpis;<br />
Záznamy z&nbsp;PPP; čísla peněžního účtu.</p>
<p><strong>Právní základ pro zpracování osobních údajů:</strong><br />
Mezi základní právní předpisy patří:</p>
<p>561/2004 Sb. – Školský zákon;<br />
563/2004 Sb. – Zákon o&nbsp;pedagogických pracovnících;</p>
<p>14/2005 Sb. – Vyhláška o&nbsp;předškolním vzdělávání;</p>
<p>364/2005 Sb. – Vyhláška o&nbsp;dokumentaci škol a&nbsp;školských zařízení;</p>
<p>89/2012 Sb. – Občanský zákoník;</p>
<p>500/2004 Sb. – Správní řád;<br />
75/2005 Sb. – Nařízení vlády o&nbsp;stanovení rozsahu přímé vyučovací, přímé výchovné, přímé speciálně pedagogické a&nbsp;přímé pedagogicko-psychologické činnosti pedagogických pracovníků;</p>
<p>27/2016 Sb. – Vyhláška o&nbsp;vzdělávání žáků se speciálními vzdělávacími potřebami a&nbsp;žáků nadaných;</p>
<p>499/2004 Sb. – Zákon o&nbsp;archivnictví a&nbsp;spisové službě a&nbsp;o&nbsp;změně některých zákonů;</p>
<p>262/2006 Sb. – Zákon zákoník práce a&nbsp;další legislativa.</p>
<p><strong>Účely zpracování osobních údajů:</strong><br />
– plnění zákonných povinností mateřské školy, včetně poskytování informací;<br />
– plnění zákonných povinností v&nbsp;pracovně právních vztazích se zaměstnanci školy;<br />
– správa našich smluvních závazků a&nbsp;probíhajícího smluvního vztahu, včetně jednání se<br />
smluvními stranami;<br />
– zajišťování bezpečnosti našich webových stránek, sítí, systémů, budov a&nbsp;pozemků<br />
školy.</p>
<p><strong>Uchovávání osobních údajů:</strong><br />
Osobní údaje budou uchovávány pouze po&nbsp;dobu, která je potřebná pro účely, za kterými byly<br />
shromážděny, obvykle po&nbsp;dobu stanovenou právním rámcem ČR nebo stanovenou Vaším<br />
souhlasem.</p>
<p><strong>Ochrana osobních údajů:</strong></p>
<p>Uplatňujeme vhodná technická, fyzická a&nbsp;organizační opatření, která jsou přiměřeně navržena<br />
tak, aby zajišťovala ochranu osobních údajů před náhodným nebo protiprávním zničením,<br />
ztrátou, úpravami, nepovoleným zveřejněním nebo přístupem a&nbsp;dalšími formami nezákonného<br />
zpracování.<br />
K&nbsp;osobním údajům mají přístup jen určení zaměstnanci a&nbsp;přístup k&nbsp;osobním údajům je<br />
omezen na oprávněné příjemce, kteří tyto údaje potřebují znát.</p>
<p><strong>Práva subjektu údajů:</strong><br />
Máte právo do míry přípustné podle platného zákona se na nás<br />
obracet za účelem uplatnění práva:<br />
– na přístup k&nbsp;osobním údajům,<br />
– opravu nebo aktualizaci svých nepřesných nebo neaktuálních osobních údajů,<br />
– vzít souhlas kdykoliv zpět, i&nbsp;bez udání důvodu,<br />
– požadovat výmaz osobních údajů, k&nbsp;nimž byl udělen souhlas,<br />
– pokud by došlo k&nbsp;porušení povinnosti ochrany osobních údajů ze strany školy, můžete se<br />
domáhat nápravy s&nbsp;využitím všech prostředků, které mu k&nbsp;tomu platná právní úprava<br />
poskytuje, zejména žádosti o&nbsp;vysvětlení, námitky či&nbsp;stížnosti a&nbsp;dalších práv podle obecného<br />
nařízení o&nbsp;ochraně osobních údajů.</p>
<p><strong>Souhlas a&nbsp;jeho odvolání:</strong><br />
V&nbsp;některých případech zpracování, na které se nevztahuje jiný právní základ pro zpracování<br />
osobních údajů, můžete být požádáni o&nbsp;výslovný souhlas.<br />
Máte vždy možnost odvolat jakýkoli dřívější souhlas udělený ke konkrétnímu účelu.</p>
</div>

<p>Informace o&nbsp;zpracování osobních údajů: Mateřská škola Láz zpracovává osobní údaje v&nbsp;souladu s&nbsp;Nařízením Evropského parlamentu a&nbsp;Rady (EU) 2016/679 o&nbsp;ochraně fyzických osob v&nbsp;souvislosti se zpracováním osobních údajů a&nbsp;o&nbsp;volném pohybu těchto údajů ze dne 27.&nbsp;4.&nbsp;2016 a&nbsp;dalšími platnými právními předpisy týkající se ochrany osobních údajů. Správce osobních údajů: Mateřská škola Láz, Láz 7, Bohutín, 262 41 IČ: 70992436; zastoupena &#8230;</p>
