{"id":281,"date":"2016-10-28T13:21:53","date_gmt":"2016-10-28T13:21:53","guid":{"rendered":"http:\/\/mslaz.cz\/?page_id=281"},"modified":"2017-10-05T10:24:11","modified_gmt":"2017-10-05T09:24:11","slug":"skolni-rok-20162017","status":"publish","type":"page","link":"https:\/\/mslaz.cz\/?page_id=281","title":{"rendered":"Archiv \u0161koln\u00ed rok 2016\/2017"},"content":{"rendered":"<div class=\"entry\">\n<p><strong><em>Rozlou\u010den\u00ed s p\u0159ed\u0161kol\u00e1ky&#8230;.<\/em><\/strong><\/p>\n<p>ngg_shortcode_0_placeholder<strong><em><br \/>\nN\u00e1dhern\u00fd v\u00fdlet do ZOO, spole\u010dn\u011b s rodi\u010di jsme si to u\u017eili.. :))<\/em><\/strong><\/p>\n<p>ngg_shortcode_1_placeholder<em><strong><br \/>\nJezd\u00edme na kolech, a celkem n\u00e1m to jde :))<\/strong><\/em><\/p>\n<p>ngg_shortcode_2_placeholder<em><strong><br \/>\n&#8230;. a tak\u00e9 se u\u010d\u00edme plavat, poprv\u00e9..<\/strong> <\/em><\/p>\n<p>ngg_shortcode_3_placeholder<em><strong><br \/>\nVelikonoce a zelen\u00fd \u010dtvrtek ve \u0161kolce..<\/strong><\/em><\/p>\n<p>ngg_shortcode_4_placeholder<em><strong><br \/>\nNa n\u00e1v\u0161t\u011bv\u011b na \u0158imbab\u011b.., a tak\u00e9 jsme tvo\u0159ili s rodi\u010di.<br \/>\n<\/strong><\/em><\/p>\n<p>ngg_shortcode_5_placeholder<em><strong><br \/>\n<\/strong><\/em><strong><em>S d\u011btmi jsme byli na n\u00e1v\u0161t\u011bv\u011b v Z\u0160 Bohut\u00edn a na divadeln\u00edm p\u0159edstaven\u00ed Princ Bajaja.<\/em><\/strong><\/p>\n<p>ngg_shortcode_6_placeholder<em><strong><br \/>\nTak\u017ee mouka, mouka, taky polohrub\u00e1&#8230;. :))), na n\u00e1v\u0161t\u011bv\u011b u pana mlyn\u00e1\u0159e v Bohut\u00edn\u011b&nbsp; ..<\/strong><\/em><\/p>\n<p>ngg_shortcode_7_placeholder<strong><em><br \/>\nKarneval, prost\u011b par\u00e1da :))&nbsp; ..<\/em><\/strong><\/p>\n<p>ngg_shortcode_8_placeholder<strong><em><br \/>\nVe \u0161kolce jsme m\u011bli dravce..<br \/>\n<\/em><\/strong><\/p>\n<p>ngg_shortcode_9_placeholder<strong><em><br \/>\nKdo je to myslivec? Co d\u011bl\u00e1 v lese, o koho se star\u00e1 a jak? To v\u0161e jsme se dnes dozv\u011bd\u011bli. D\u011bkujeme \ud83d\ude42<br \/>\n<\/em><\/strong><\/p>\n<p>ngg_shortcode_10_placeholder<strong><em><br \/>\nSn\u011bhul\u00e1k\u016fv den &#8211; 18. 1. 2017:<\/em><\/strong><\/p>\n<p>ngg_shortcode_11_placeholder<em><br \/>\n<strong>Spole\u010dn\u00e9 tvo\u0159en\u00ed s rodi\u010di prosinec 2016:<\/strong>&nbsp; &nbsp; &nbsp; &nbsp; &nbsp; &nbsp; &nbsp; &nbsp; &nbsp; &nbsp; &nbsp; &nbsp; &nbsp;<br \/>\n<\/em><\/p>\nngg_shortcode_12_placeholder\n<p style=\"text-align: left;\"><em><br \/>\n<strong>Divadeln\u00ed p\u0159edstaven\u00ed &#8211; 21.11.2016:<\/strong><\/em><\/p>\n<p>ngg_shortcode_13_placeholder<em><br \/>\n<strong>V\u00fdlet do P\u00edsku &#8211; listopad 2016:<\/strong><\/em><\/p>\n<p>ngg_shortcode_14_placeholder<strong><em><br \/>\nCvi\u010den\u00ed v s\u00e1le &#8211; listopad 2016:<\/em><\/strong><\/p>\n<p>ngg_shortcode_15_placeholder<strong><em><br \/>\nSportov\u00e1n\u00ed na zahr\u00e1dce &#8211; \u0159\u00edjen 2016:<\/em><\/strong><\/p>\n<p>ngg_shortcode_16_placeholder<strong><em><br \/>\n\u0160tr\u016fdlov\u00e1n\u00ed &#8211; z\u00e1\u0159\u00ed 2016:<\/em><\/strong><\/p>\n<p>ngg_shortcode_17_placeholder<strong><em><br \/>\nHra d\u011bt\u00ed ve \u0161kolce &#8211; z\u00e1\u0159\u00ed 2016:<\/em><\/strong><\/p>\nngg_shortcode_18_placeholder\n<\/div>\n","protected":false},"excerpt":{"rendered":"<p>Rozlou\u010den\u00ed s p\u0159ed\u0161kol\u00e1ky&#8230;. &#8220; order_by=&#8220;sortorder&#8220; order_direction=&#8220;ASC&#8220; returns=&#8220;included&#8220; maximum_entity_count=&#8220;500&#8243;] N\u00e1dhern\u00fd v\u00fdlet do ZOO, spole\u010dn\u011b s rodi\u010di jsme si to u\u017eili.. :)) &#8220; order_by=&#8220;sortorder&#8220; order_direction=&#8220;ASC&#8220; returns=&#8220;included&#8220; maximum_entity_count=&#8220;500&#8243;] Jezd\u00edme na kolech, a celkem n\u00e1m to jde :)) &#8220; order_by=&#8220;sortorder&#8220; order_direction=&#8220;ASC&#8220; returns=&#8220;included&#8220; maximum_entity_count=&#8220;500&#8243;] &#8230;. a tak\u00e9 se u\u010d\u00edme plavat, poprv\u00e9.. &#8220; order_by=&#8220;sortorder&#8220; order_direction=&#8220;ASC&#8220; returns=&#8220;included&#8220; maximum_entity_count=&#8220;500&#8243;] Velikonoce a zelen\u00fd \u010dtvrtek &#8230;<\/p>\n","protected":false},"author":1,"featured_media":0,"parent":0,"menu_order":0,"comment_status":"closed","ping_status":"closed","template":"","meta":{"ngg_post_thumbnail":0,"footnotes":""},"class_list":["post-281","page","type-page","status-publish"],"_links":{"self":[{"href":"https:\/\/mslaz.cz\/index.php?rest_route=\/wp\/v2\/pages\/281","targetHints":{"allow":["GET"]}}],"collection":[{"href":"https:\/\/mslaz.cz\/index.php?rest_route=\/wp\/v2\/pages"}],"about":[{"href":"https:\/\/mslaz.cz\/index.php?rest_route=\/wp\/v2\/types\/page"}],"author":[{"embeddable":true,"href":"https:\/\/mslaz.cz\/index.php?rest_route=\/wp\/v2\/users\/1"}],"replies":[{"embeddable":true,"href":"https:\/\/mslaz.cz\/index.php?rest_route=%2Fwp%2Fv2%2Fcomments&post=281"}],"version-history":[{"count":30,"href":"https:\/\/mslaz.cz\/index.php?rest_route=\/wp\/v2\/pages\/281\/revisions"}],"predecessor-version":[{"id":1775,"href":"https:\/\/mslaz.cz\/index.php?rest_route=\/wp\/v2\/pages\/281\/revisions\/1775"}],"wp:attachment":[{"href":"https:\/\/mslaz.cz\/index.php?rest_route=%2Fwp%2Fv2%2Fmedia&parent=281"}],"curies":[{"name":"wp","href":"https:\/\/api.w.org\/{rel}","templated":true}]}}

Archiv školní rok 2016/2017

<div class="entry">
<p><strong><em>Rozloučení s předškoláky&#8230;.</em></strong></p>
<p>ngg_shortcode_0_placeholder<strong><em><br />
Nádherný výlet do ZOO, společně s rodiči jsme si to užili.. :))</em></strong></p>
<p>ngg_shortcode_1_placeholder<em><strong><br />
Jezdíme na kolech, a celkem nám to jde :))</strong></em></p>
<p>ngg_shortcode_2_placeholder<em><strong><br />
&#8230;. a také se učíme plavat, poprvé..</strong> </em></p>
<p>ngg_shortcode_3_placeholder<em><strong><br />
Velikonoce a zelený čtvrtek ve školce..</strong></em></p>
<p>ngg_shortcode_4_placeholder<em><strong><br />
Na návštěvě na Řimbabě.., a také jsme tvořili s rodiči.<br />
</strong></em></p>
<p>ngg_shortcode_5_placeholder<em><strong><br />
</strong></em><strong><em>S dětmi jsme byli na návštěvě v ZŠ Bohutín a na divadelním představení Princ Bajaja.</em></strong></p>
<p>ngg_shortcode_6_placeholder<em><strong><br />
Takže mouka, mouka, taky polohrubá&#8230;. :))), na návštěvě u pana mlynáře v Bohutíně&nbsp; ..</strong></em></p>
<p>ngg_shortcode_7_placeholder<strong><em><br />
Karneval, prostě paráda :))&nbsp; ..</em></strong></p>
<p>ngg_shortcode_8_placeholder<strong><em><br />
Ve školce jsme měli dravce..<br />
</em></strong></p>
<p>ngg_shortcode_9_placeholder<strong><em><br />
Kdo je to myslivec? Co dělá v lese, o koho se stará a jak? To vše jsme se dnes dozvěděli. Děkujeme 🙂<br />
</em></strong></p>
<p>ngg_shortcode_10_placeholder<strong><em><br />
Sněhulákův den &#8211; 18. 1. 2017:</em></strong></p>
<p>ngg_shortcode_11_placeholder<em><br />
<strong>Společné tvoření s rodiči prosinec 2016:</strong>&nbsp; &nbsp; &nbsp; &nbsp; &nbsp; &nbsp; &nbsp; &nbsp; &nbsp; &nbsp; &nbsp; &nbsp; &nbsp;<br />
</em></p>
ngg_shortcode_12_placeholder
<p style="text-align: left;"><em><br />
<strong>Divadelní představení &#8211; 21.11.2016:</strong></em></p>
<p>ngg_shortcode_13_placeholder<em><br />
<strong>Výlet do Písku &#8211; listopad 2016:</strong></em></p>
<p>ngg_shortcode_14_placeholder<strong><em><br />
Cvičení v sále &#8211; listopad 2016:</em></strong></p>
<p>ngg_shortcode_15_placeholder<strong><em><br />
Sportování na zahrádce &#8211; říjen 2016:</em></strong></p>
<p>ngg_shortcode_16_placeholder<strong><em><br />
Štrůdlování &#8211; září 2016:</em></strong></p>
<p>ngg_shortcode_17_placeholder<strong><em><br />
Hra dětí ve školce &#8211; září 2016:</em></strong></p>
ngg_shortcode_18_placeholder
</div>

<p>Rozloučení s předškoláky&#8230;. &#8220; order_by=&#8220;sortorder&#8220; order_direction=&#8220;ASC&#8220; returns=&#8220;included&#8220; maximum_entity_count=&#8220;500&#8243;] Nádherný výlet do ZOO, společně s rodiči jsme si to užili.. :)) &#8220; order_by=&#8220;sortorder&#8220; order_direction=&#8220;ASC&#8220; returns=&#8220;included&#8220; maximum_entity_count=&#8220;500&#8243;] Jezdíme na kolech, a celkem nám to jde :)) &#8220; order_by=&#8220;sortorder&#8220; order_direction=&#8220;ASC&#8220; returns=&#8220;included&#8220; maximum_entity_count=&#8220;500&#8243;] &#8230;. a také se učíme plavat, poprvé.. &#8220; order_by=&#8220;sortorder&#8220; order_direction=&#8220;ASC&#8220; returns=&#8220;included&#8220; maximum_entity_count=&#8220;500&#8243;] Velikonoce a zelený čtvrtek &#8230;</p>
