{"id":47,"date":"2016-10-27T11:36:10","date_gmt":"2016-10-27T11:36:10","guid":{"rendered":"http:\/\/mslaz.cz\/?page_id=47"},"modified":"2025-09-17T05:47:46","modified_gmt":"2025-09-17T04:47:46","slug":"platby-skolneho-a-stravneho","status":"publish","type":"page","link":"https:\/\/mslaz.cz\/?page_id=47","title":{"rendered":"Platby \u0161koln\u00e9ho a stravn\u00e9ho"},"content":{"rendered":"<div class=\"entry\">\n<p><strong>Platby za stravn\u00e9 (Dle v\u00fd\u017eivov\u00fdch norem dle vyhl\u00e1\u0161ky \u010d. 107\/2005 Sb.):<br \/>\n<\/strong>Z\u00e1loha na stravn\u00e9 (1000,-) je hrazena p\u0159i n\u00e1stupu do M\u0160 a vy\u00fa\u010dtov\u00e1na p\u0159i odchodu d\u00edt\u011bte ze \u0161kolky.<\/p>\n<p><strong>Platby od 1. 1. 2025:<\/strong><\/p>\n<p><span style=\"color: #3366ff;\"><strong>D\u011bti bez odpoledn\u00ed sva\u010diny 37,- K\u010d<\/strong><\/span><br \/>\n<span style=\"color: #3366ff;\"><strong>D\u011bti na cel\u00fd den 48,- K\u010d<\/strong><\/span><\/p>\n<p><span style=\"color: #3366ff;\"><strong>D\u011bti po odkladu \u0161koln\u00ed doch\u00e1zky bez odpol. sva\u010diny 41,- K\u010d<\/strong><\/span><br \/>\n<span style=\"color: #3366ff;\"><strong>D\u011bti po odkladu \u0161koln\u00ed doch\u00e1zky 52,- K\u010d<\/strong><\/span><\/p>\n<p><strong>\u0160koln\u00e9 (\u00faplata za p\u0159ed\u0161koln\u00ed vzd\u011bl\u00e1v\u00e1n\u00ed):<br \/>\n<\/strong><strong>\u00daplata za p\u0159ed\u0161koln\u00ed vzd\u011bl\u00e1v\u00e1n\u00ed bude od 1. 1. 2024 zv\u00fd\u0161ena na 500,- K\u010d \/ m\u011bs\u00edc. <\/strong>(z d\u016fvodu st\u00e1le se zvy\u0161uj\u00edc\u00edch cen za energie)<\/p>\n<p>V dob\u011b letn\u00edch pr\u00e1zdnin jsou d\u011bti osvobozeny od \u00faplaty.&nbsp;<br \/>\nPlatbu stravn\u00e9ho a \u0161koln\u00e9ho je mo\u017en\u00e9 prov\u00e9st pouze bezhotovostn\u011b formou inkasa (do 10. dne v m\u011bs\u00edci) na \u00fa\u010det Mate\u0159sk\u00e9 \u0161koly L\u00e1z: <strong>51-8089620287\/0100<\/strong><\/p>\n<p><strong>Osvobozen od \u00faplaty (Vyhl\u00e1\u0161ka 14\/2005 Sb.) bude&nbsp; z\u00e1konn\u00fd z\u00e1stupce:<\/strong><br \/>\n&#8211; d\u00edt\u011bte, kter\u00e9 od po\u010d\u00e1tku \u0161koln\u00edho roku, kter\u00fd n\u00e1sleduje po dni, kdy d\u00edt\u011b dos\u00e1hne p\u00e1t\u00e9ho roku v\u011bku, do zah\u00e1jen\u00ed povinn\u00e9 \u0161koln\u00ed doch\u00e1zky d\u00edt\u011bte. V t\u00e9to dob\u011b je pro n\u011bj p\u0159ed\u0161koln\u00ed vzd\u011bl\u00e1v\u00e1n\u00ed povinn\u00e9, nen\u00ed-li d\u00e1le stanoveno jinak.<br \/>\n&#8211; kter\u00fd pob\u00edr\u00e1 opakuj\u00edc\u00ed se d\u00e1vku pomoci v hmotn\u00e9 nouzi<br \/>\n&#8211; kter\u00e9mu&nbsp; n\u00e1le\u017e\u00ed zv\u00fd\u0161en\u00ed p\u0159\u00edsp\u011bvku na p\u00e9\u010di z d\u016fvodu p\u00e9\u010de o nezaopat\u0159en\u00e9 d\u00edt\u011b<br \/>\n&#8211; fyzick\u00e1 osoba, kter\u00e1 o d\u00edt\u011b osobn\u011b pe\u010duje a z d\u016fvodu p\u00e9\u010de o toto d\u00edt\u011b pob\u00edr\u00e1 d\u00e1vky p\u011bstounsk\u00e9 p\u00e9\u010de<\/p>\n<p>a tuto skute\u010dnost prok\u00e1\u017ee \u0159editelce \u0161koly.<\/p>\n<p><strong>Od 1. 9. 2017 d\u011bti s odkladem \u0161koln\u00ed doch\u00e1zky a p\u0159ed\u0161koln\u00ed d\u011bti, pro n\u011b\u017e je vzd\u011bl\u00e1v\u00e1n\u00ed povinn\u00e9, neplat\u00ed \u00faplatu za p\u0159ed\u0161koln\u00ed vzd\u011bl\u00e1v\u00e1n\u00ed.<\/strong><\/p>\n<\/div>\n","protected":false},"excerpt":{"rendered":"<p>Platby za stravn\u00e9 (Dle v\u00fd\u017eivov\u00fdch norem dle vyhl\u00e1\u0161ky \u010d. 107\/2005 Sb.): Z\u00e1loha na stravn\u00e9 (1000,-) je hrazena p\u0159i n\u00e1stupu do M\u0160 a vy\u00fa\u010dtov\u00e1na p\u0159i odchodu d\u00edt\u011bte ze \u0161kolky. Platby od 1. 1. 2025: D\u011bti bez odpoledn\u00ed sva\u010diny 37,- K\u010d D\u011bti na cel\u00fd den 48,- K\u010d D\u011bti po odkladu \u0161koln\u00ed doch\u00e1zky bez odpol. sva\u010diny 41,- K\u010d &#8230;<\/p>\n","protected":false},"author":1,"featured_media":0,"parent":0,"menu_order":0,"comment_status":"closed","ping_status":"closed","template":"","meta":{"ngg_post_thumbnail":0,"footnotes":""},"class_list":["post-47","page","type-page","status-publish"],"_links":{"self":[{"href":"https:\/\/mslaz.cz\/index.php?rest_route=\/wp\/v2\/pages\/47","targetHints":{"allow":["GET"]}}],"collection":[{"href":"https:\/\/mslaz.cz\/index.php?rest_route=\/wp\/v2\/pages"}],"about":[{"href":"https:\/\/mslaz.cz\/index.php?rest_route=\/wp\/v2\/types\/page"}],"author":[{"embeddable":true,"href":"https:\/\/mslaz.cz\/index.php?rest_route=\/wp\/v2\/users\/1"}],"replies":[{"embeddable":true,"href":"https:\/\/mslaz.cz\/index.php?rest_route=%2Fwp%2Fv2%2Fcomments&post=47"}],"version-history":[{"count":20,"href":"https:\/\/mslaz.cz\/index.php?rest_route=\/wp\/v2\/pages\/47\/revisions"}],"predecessor-version":[{"id":7432,"href":"https:\/\/mslaz.cz\/index.php?rest_route=\/wp\/v2\/pages\/47\/revisions\/7432"}],"wp:attachment":[{"href":"https:\/\/mslaz.cz\/index.php?rest_route=%2Fwp%2Fv2%2Fmedia&parent=47"}],"curies":[{"name":"wp","href":"https:\/\/api.w.org\/{rel}","templated":true}]}}