{"id":6155,"date":"2022-04-25T14:53:10","date_gmt":"2022-04-25T13:53:10","guid":{"rendered":"http:\/\/mslaz.cz\/?page_id=6155"},"modified":"2026-02-08T21:13:13","modified_gmt":"2026-02-08T20:13:13","slug":"nas-tym","status":"publish","type":"page","link":"https:\/\/mslaz.cz\/?page_id=6155","title":{"rendered":"N\u00e1\u0161 t\u00fdm"},"content":{"rendered":"<div class=\"entry\">\n<p><strong>O VA\u0160E D\u011aTI SE STARAJ\u00cd:<\/strong><\/p>\n<p><strong>\u0158editelka: Mgr. Kate\u0159ina Bystersk\u00e1<\/strong><\/p>\n<p><img loading=\"lazy\" decoding=\"async\" class=\"size-full wp-image-6793 alignleft\" src=\"http:\/\/mslaz.cz\/wp-content\/uploads\/2023\/12\/IMG_6398-4.jpg\" alt=\"\" width=\"99\" height=\"150\"><\/p>\n<p>Vystudovala P\u0159ed\u0161koln\u00ed pedagogiku na Z\u010cU Plze\u0148 a navazuj\u00edc\u00ed magistersk\u00e9 studium Pedagogika p\u0159ed\u0161koln\u00edho v\u011bku na UK Praha, kter\u00e9 zahrnovalo studium speci\u00e1ln\u00ed pedagogiky. Od dosp\u011blosti ve voln\u00e9m \u010dase pracovala s d\u011btmi &#8211; jako vedouc\u00ed na d\u011btsk\u00fdch t\u00e1borech, vedla krou\u017eek Royal Rangers. Pr\u00e1ce s d\u011btmi ji napl\u0148uje a od d\u011btstv\u00ed byla jej\u00edm snem. Praxi v oblasti pedagogiky z\u00edskala b\u011bhem p\u016fsoben\u00ed v mate\u0159sk\u00e9 \u0161kole v P\u0159\u00edbrami, kde pracovala od roku 2004. M\u00e1 bohat\u00e9 zku\u0161enosti s d\u011btmi se speci\u00e1ln\u00edmi vzd\u011bl\u00e1vac\u00edmi pot\u0159ebami. Absolvovala mnoho kurz\u016f \u2013 nap\u0159. vodn\u00ed z\u00e1chran\u00e1\u0159, zdravotn\u00edk zotavovac\u00edch akc\u00ed (celo\u017eivotn\u00ed), kvalifika\u010dn\u00ed studium pro \u0159editele \u0161kol, stimula\u010dn\u00ed program Max\u00edk, tr\u00e9nink jazykov\u00fdch schopnost\u00ed podle D. B. Elkonina, aj. V sou\u010dasn\u00e9 dob\u011b si roz\u0161i\u0159uje profesn\u00ed v\u011bdomosti dal\u0161\u00edm studiem. Star\u00e1 se o webov\u00e9 str\u00e1nky ve spolupr\u00e1ci s panem Van\u011brkou.<\/p>\n<p>&nbsp;<\/p>\n<p><strong>Z\u00e1stupkyn\u011b \u0159editele\/u\u010ditelka: Dagmar Burianov\u00e1<\/strong><\/p>\n<p><img loading=\"lazy\" decoding=\"async\" class=\"size-full wp-image-6787 alignleft\" src=\"http:\/\/mslaz.cz\/wp-content\/uploads\/2023\/12\/IMG_6441.jpg\" alt=\"\" width=\"100\" height=\"150\"><\/p>\n<p>Vystudovala obor p\u0159ed\u0161koln\u00ed a mimo\u0161koln\u00ed pedagogika na St\u0159edn\u00ed pedagogick\u00e9 \u0161kole v Beroun\u011b. Svoji pedagogickou praxi za\u010d\u00ednala v Z\u0160 Ro\u017emit\u00e1l p. T\u0159. jako asistent pedagoga individu\u00e1ln\u00ed pomoc\u00ed d\u00edt\u011bti se speci\u00e1ln\u00edmi pot\u0159ebami. Prvn\u00ed zku\u0161enost s d\u011btmi v\u0161ak z\u00edskala v mate\u0159sk\u00e9m centru Rozmar\u00fdnek. Vedle pedagogick\u00e9 \u010dinnosti se r\u00e1da v\u011bnuje mimo\u0161koln\u00edm aktivit\u00e1m, vedla krou\u017eky praktick\u00e9 a v\u00fdtvarn\u00e9 tvorby, co\u017e je jej\u00ed celo\u017eivotn\u00ed hobby. B\u011bhem sv\u00e9 pedagogick\u00e9 \u010dinnosti z\u00edskala obohacuj\u00edc\u00ed, profesn\u011b d\u016fle\u017eit\u00e9 osv\u011bd\u010den\u00ed a certifik\u00e1ty, kter\u00e9 vyu\u017e\u00edv\u00e1 p\u0159i sv\u00e9 pr\u00e1ci s d\u011btmi \u2013 zdravotn\u00edk zotavovac\u00edch akc\u00ed, pedagogick\u00e1 podpora matematick\u00e9 a \u010dten\u00e1\u0159sk\u00e9 pregramotnosti, atd. Tak\u00e9 absolvovala n\u011bkolik kurz\u016f nap\u0159. asistent pedagoga, logopedick\u00fd asistent, stimula\u010dn\u00ed program Max\u00edk, tr\u00e9nink jazykov\u00fdch schopnost\u00ed podle D. B. Elkonina.<\/p>\n<p>&nbsp;<\/p>\n<p><strong>U\u010ditelka: Tereza Van\u011b\u010dkov\u00e1, DiS.<\/strong><\/p>\n<p><a href=\"http:\/\/mslaz.cz\/wp-content\/uploads\/2025\/10\/TerezaVaneckova.jpg\"><img loading=\"lazy\" decoding=\"async\" class=\"wp-image-7459 alignleft\" src=\"http:\/\/mslaz.cz\/wp-content\/uploads\/2025\/10\/TerezaVaneckova.jpg\" alt=\"\" width=\"98\" height=\"137\"><\/a><br \/>\nVystudovala obor p\u0159ed\u0161koln\u00ed a mimo\u0161koln\u00ed pedagogika na Vy\u0161\u0161\u00ed odborn\u00e9 \u0161kole Evropsk\u00e1 v Praze. Prvn\u00ed zku\u0161enosti s d\u011btmi z\u00edskala na letn\u00edm d\u011btsk\u00e9m t\u00e1bo\u0159e, kde nyn\u00ed d\u011bl\u00e1 hlavn\u00ed vedouc\u00ed. B\u011bhem studia pracovala jako v\u00fdpomoc v mate\u0159sk\u00e9 \u0161kole, d\u011btsk\u00e9 skupin\u011b a v centru p\u0159ed\u0161koln\u00edch d\u011bt\u00ed v DDM. Pr\u00e1ce s d\u011btmi ji napl\u0148uje, a proto si roz\u0161i\u0159uje sv\u00e9 znalosti pomoc\u00ed kurz\u016f a webin\u00e1\u0159\u016f zam\u011b\u0159en\u00fdch na p\u0159ed\u0161koln\u00ed vzd\u011bl\u00e1v\u00e1n\u00ed.&nbsp;<\/p>\n<p>&nbsp;<\/p>\n<p><strong><br \/>\nU\u010ditelka: Bc. Krist\u00fdna Bystersk\u00e1 (v sou\u010dasn\u00e9 dob\u011b na mate\u0159sk\u00e9 dovolen\u00e9)<\/strong><\/p>\n<p><img loading=\"lazy\" decoding=\"async\" class=\"size-full wp-image-6789 alignleft\" src=\"http:\/\/mslaz.cz\/wp-content\/uploads\/2023\/12\/IMG_6452.jpg\" alt=\"\" width=\"99\" height=\"150\"><br \/>\nDokon\u010dila vysoko\u0161kolsk\u00e9 studium P\u0159ed\u0161koln\u00ed pedagogiky na Z\u010cU Plze\u0148. Od d\u011btstv\u00ed se v\u011bnovala sportu, zejm\u00e9na plav\u00e1n\u00ed a pot\u00e1p\u011bn\u00ed. Pr\u00e1ce s d\u011btmi ji velmi bav\u00ed a napl\u0148uje. Prvn\u00ed pedagogickou praxi z\u00edskala ji\u017e b\u011bhem st\u0159edo\u0161kolsk\u00e9ho studia, kdy pracovala v d\u011btsk\u00e9m hl\u00eddac\u00edm koutku &#8222;Poh\u00e1dka&#8220;, jako tren\u00e9rka plav\u00e1n\u00ed a jako ch\u016fva &#8211; soukrom\u00e9 hl\u00edd\u00e1n\u00ed d\u011bt\u00ed. Je hudebnice,&nbsp; m\u00e1 ukon\u010den\u00fd sedmilet\u00fd 1. stupe\u0148 z\u00e1kladn\u00edho studia hry na klav\u00edr. Absolvovala n\u011bkolik kurz\u016f, nap\u0159. stimula\u010dn\u00ed program Max\u00edk, zdravotn\u00edk zotavovac\u00edch akc\u00ed a v prvn\u00edm roce sv\u00e9 praxe tak\u00e9 ro\u010dn\u00ed kurz &#8222;Za\u010d\u00ednaj\u00edc\u00ed u\u010ditel&#8220;.&nbsp; Pravideln\u011b se \u00fa\u010dastn\u00ed mnoha \u0161kolen\u00ed zam\u011b\u0159en\u00fdch na p\u0159ed\u0161koln\u00ed vzd\u011bl\u00e1v\u00e1n\u00ed.&nbsp;<\/p>\n<p>&nbsp;<\/p>\n<p><strong>U\u010ditelka: Ilona Bohu\u0161ov\u00e1<\/strong><\/p>\n<p><img loading=\"lazy\" decoding=\"async\" class=\"size-full wp-image-6802 alignleft\" src=\"http:\/\/mslaz.cz\/wp-content\/uploads\/2023\/12\/IMG_6457.jpg\" alt=\"\" width=\"99\" height=\"150\"><\/p>\n<p>Vystudovala jazykov\u00e9 gymn\u00e1zium a pot\u00e9 absolvovala kurz asistenta pedagoga. Moc r\u00e1da tvo\u0159\u00ed a pracuje s kv\u011btinami, v\u011bnuje se sportu a tanci. Absolvovala n\u011bkolik kurz\u016f a \u0161kolen\u00ed. Pr\u00e1ce s d\u011btmi ji napl\u0148uje a velice bav\u00ed, a proto se rozhodla doplnit si pedagogick\u00e9 vzd\u011bl\u00e1n\u00ed. V sou\u010dasn\u00e9 dob\u011b studuje p\u0159ed\u0161koln\u00ed pedagogiku.&nbsp;<\/p>\n<p>&nbsp;<\/p>\n<p>&nbsp;<\/p>\n<p><strong>Vedouc\u00ed \u0161koln\u00ed j\u00eddelny: Jaroslava Pan\u00e1kov\u00e1<\/strong><\/p>\n<p><img loading=\"lazy\" decoding=\"async\" class=\"size-full wp-image-6795 alignleft\" src=\"http:\/\/mslaz.cz\/wp-content\/uploads\/2023\/12\/IMG_6420.jpg\" alt=\"\" width=\"99\" height=\"150\"><\/p>\n<p>Od roku 1995 pracuje jako samostatn\u00e1 \u00fa\u010detn\u00ed a mzdov\u00e1 \u00fa\u010detn\u00ed.&nbsp; V roce 2014 se na \u010d\u00e1ste\u010dn\u00fd \u00favazek stala vedouc\u00ed \u0161koln\u00ed j\u00eddelny v men\u0161\u00ed mate\u0159sk\u00e9 \u0161kole v P\u0159\u00edbrami. Od listopadu roku 2016 je zam\u011bstn\u00e1na na stejn\u00e9 pozici i v Mate\u0159sk\u00e9 \u0161kole L\u00e1z. Z\u00fa\u010dast\u0148uje se pravideln\u011b \u0161kolen\u00ed o hygienick\u00e9m minimu i krajsk\u00fdch konferenc\u00ed hromadn\u00e9ho stravov\u00e1n\u00ed. Hl\u00edd\u00e1 spot\u0159ebn\u00ed ko\u0161 a vyv\u00e1\u017eenost j\u00eddeln\u00ed\u010dku a potravin.&nbsp;<\/p>\n<p>&nbsp;<\/p>\n<p>&nbsp;<\/p>\n<p><strong>\u0160kolnice: Jana B\u011blkov\u00e1<\/strong><\/p>\n<p><img loading=\"lazy\" decoding=\"async\" class=\"size-full wp-image-6797 alignleft\" src=\"http:\/\/mslaz.cz\/wp-content\/uploads\/2023\/12\/IMG_6409.jpg\" alt=\"\" width=\"100\" height=\"150\"><\/p>\n<p>Star\u00e1 se o po\u0159\u00e1dek ve \u0161kolce, v p\u0159\u00edpad\u011b pot\u0159eby pom\u00e1h\u00e1 p\u0159i pr\u00e1ci s d\u011btmi. Svoji kreativitu uplat\u0148uje nejen p\u0159i p\u00e9\u010di o \u0161koln\u00ed zahradu, ale zejm\u00e9na na jarmarc\u00edch, kter\u00e9 po\u0159\u00e1d\u00e1me. Je velmi pracovit\u00e1 a n\u00e1padit\u00e1.&nbsp; V p\u0159\u00edpad\u011b pot\u0159eby je plnohodnotn\u00fdm z\u00e1stupem v kuchyni \ud83d\ude0a.<\/p>\n<p>&nbsp;<\/p>\n<p>&nbsp;<\/p>\n<p><strong>Kucha\u0159ka: Blanka Burianov\u00e1<\/strong><\/p>\n<p><img loading=\"lazy\" decoding=\"async\" class=\"size-full wp-image-6799 alignleft\" src=\"http:\/\/mslaz.cz\/wp-content\/uploads\/2023\/12\/IMG_6408.jpg\" alt=\"\" width=\"100\" height=\"150\"><\/p>\n<p>V mate\u0159sk\u00e9 \u0161kole pracuje jako kucha\u0159ka ji\u017e od roku 2008. Zaj\u00edm\u00e1 se o zdrav\u00fd \u017eivotn\u00ed styl, p\u0159ipravuje d\u011btem zdrav\u00e9 a chutn\u00e9 j\u00eddlo po cel\u00fd den. Pravideln\u011b absolvuje \u0161kolen\u00ed pro z\u00edsk\u00e1n\u00ed inspirace a nov\u00fdch trend\u016f v oblasti stravov\u00e1n\u00ed. Pravideln\u011b zkou\u0161\u00ed nov\u00e9, n\u00e1padit\u00e9 recepty \ud83d\ude0a.&nbsp;<\/p>\n<p>&nbsp;<\/p>\n<\/div>\n","protected":false},"excerpt":{"rendered":"<p>O VA\u0160E D\u011aTI SE STARAJ\u00cd: \u0158editelka: Mgr. Kate\u0159ina Bystersk\u00e1 Vystudovala P\u0159ed\u0161koln\u00ed pedagogiku na Z\u010cU Plze\u0148 a navazuj\u00edc\u00ed magistersk\u00e9 studium Pedagogika p\u0159ed\u0161koln\u00edho v\u011bku na UK Praha, kter\u00e9 zahrnovalo studium speci\u00e1ln\u00ed pedagogiky. Od dosp\u011blosti ve voln\u00e9m \u010dase pracovala s d\u011btmi &#8211; jako vedouc\u00ed na d\u011btsk\u00fdch t\u00e1borech, vedla krou\u017eek Royal Rangers. Pr\u00e1ce s d\u011btmi ji napl\u0148uje a od &#8230;<\/p>\n","protected":false},"author":28,"featured_media":0,"parent":0,"menu_order":0,"comment_status":"closed","ping_status":"closed","template":"","meta":{"ngg_post_thumbnail":0,"footnotes":""},"class_list":["post-6155","page","type-page","status-publish"],"_links":{"self":[{"href":"https:\/\/mslaz.cz\/index.php?rest_route=\/wp\/v2\/pages\/6155","targetHints":{"allow":["GET"]}}],"collection":[{"href":"https:\/\/mslaz.cz\/index.php?rest_route=\/wp\/v2\/pages"}],"about":[{"href":"https:\/\/mslaz.cz\/index.php?rest_route=\/wp\/v2\/types\/page"}],"author":[{"embeddable":true,"href":"https:\/\/mslaz.cz\/index.php?rest_route=\/wp\/v2\/users\/28"}],"replies":[{"embeddable":true,"href":"https:\/\/mslaz.cz\/index.php?rest_route=%2Fwp%2Fv2%2Fcomments&post=6155"}],"version-history":[{"count":56,"href":"https:\/\/mslaz.cz\/index.php?rest_route=\/wp\/v2\/pages\/6155\/revisions"}],"predecessor-version":[{"id":7556,"href":"https:\/\/mslaz.cz\/index.php?rest_route=\/wp\/v2\/pages\/6155\/revisions\/7556"}],"wp:attachment":[{"href":"https:\/\/mslaz.cz\/index.php?rest_route=%2Fwp%2Fv2%2Fmedia&parent=6155"}],"curies":[{"name":"wp","href":"https:\/\/api.w.org\/{rel}","templated":true}]}}