{"id":6873,"date":"2024-01-21T20:01:48","date_gmt":"2024-01-21T19:01:48","guid":{"rendered":"http:\/\/mslaz.cz\/?page_id=6873"},"modified":"2024-01-21T20:05:11","modified_gmt":"2024-01-21T19:05:11","slug":"rozpocet-2024","status":"publish","type":"page","link":"https:\/\/mslaz.cz\/?page_id=6873","title":{"rendered":"Rozpo\u010det 2024"},"content":{"rendered":"<div class=\"entry\">\n<ul>\n<li><a href=\"http:\/\/mslaz.cz\/wp-content\/uploads\/2024\/01\/MS-Laz-Schvaleny-rozpocet-2024.pdf\" target=\"_blank\" rel=\"noopener\">M\u0160 L\u00e1z &#8211; Schv\u00e1len\u00fd rozpo\u010det 2024<\/a><\/li>\n<li><a href=\"http:\/\/mslaz.cz\/wp-content\/uploads\/2024\/01\/MS-Laz-Navrh-rozpoctu-2024.pdf\" target=\"_blank\" rel=\"noopener\">M\u0160 L\u00e1z &#8211; N\u00e1vrh rozpo\u010dtu 2024<\/a><\/li>\n<\/ul>\n<\/div>\n","protected":false},"excerpt":{"rendered":"<p>M\u0160 L\u00e1z &#8211; Schv\u00e1len\u00fd rozpo\u010det 2024 M\u0160 L\u00e1z &#8211; N\u00e1vrh rozpo\u010dtu 2024<\/p>\n","protected":false},"author":28,"featured_media":0,"parent":0,"menu_order":0,"comment_status":"closed","ping_status":"closed","template":"","meta":{"ngg_post_thumbnail":0,"footnotes":""},"class_list":["post-6873","page","type-page","status-publish"],"_links":{"self":[{"href":"https:\/\/mslaz.cz\/index.php?rest_route=\/wp\/v2\/pages\/6873","targetHints":{"allow":["GET"]}}],"collection":[{"href":"https:\/\/mslaz.cz\/index.php?rest_route=\/wp\/v2\/pages"}],"about":[{"href":"https:\/\/mslaz.cz\/index.php?rest_route=\/wp\/v2\/types\/page"}],"author":[{"embeddable":true,"href":"https:\/\/mslaz.cz\/index.php?rest_route=\/wp\/v2\/users\/28"}],"replies":[{"embeddable":true,"href":"https:\/\/mslaz.cz\/index.php?rest_route=%2Fwp%2Fv2%2Fcomments&post=6873"}],"version-history":[{"count":4,"href":"https:\/\/mslaz.cz\/index.php?rest_route=\/wp\/v2\/pages\/6873\/revisions"}],"predecessor-version":[{"id":6880,"href":"https:\/\/mslaz.cz\/index.php?rest_route=\/wp\/v2\/pages\/6873\/revisions\/6880"}],"wp:attachment":[{"href":"https:\/\/mslaz.cz\/index.php?rest_route=%2Fwp%2Fv2%2Fmedia&parent=6873"}],"curies":[{"name":"wp","href":"https:\/\/api.w.org\/{rel}","templated":true}]}}